{"id":31,"date":"2019-12-20T21:27:58","date_gmt":"2019-12-20T21:27:58","guid":{"rendered":"https:\/\/www.capricare.eu\/\/?page_id=31"},"modified":"2020-06-18T20:01:17","modified_gmt":"2020-06-18T20:01:17","slug":"polityka-plikow-cookie","status":"publish","type":"page","link":"https:\/\/www.capricare.pl\/hcp\/polityka-plikow-cookie\/","title":{"rendered":"Polityka plik\u00f3w cookie"},"content":{"rendered":"[vc_row type=&#8221;full_width_content&#8221; full_screen_row_position=&#8221;middle&#8221; column_margin=&#8221;default&#8221; bg_color=&#8221;#e4f2e2&#8243; scene_position=&#8221;center&#8221; text_color=&#8221;dark&#8221; text_align=&#8221;left&#8221; id=&#8221;bread-note&#8221; overlay_strength=&#8221;0.3&#8243; shape_divider_position=&#8221;bottom&#8221; bg_image_animation=&#8221;none&#8221; shape_type=&#8221;&#8221;][vc_column column_padding=&#8221;no-extra-padding&#8221; column_padding_position=&#8221;all&#8221; background_color_opacity=&#8221;1&#8243; background_hover_color_opacity=&#8221;1&#8243; column_link_target=&#8221;_self&#8221; column_shadow=&#8221;none&#8221; column_border_radius=&#8221;none&#8221; width=&#8221;1\/1&#8243; tablet_width_inherit=&#8221;default&#8221; tablet_text_alignment=&#8221;default&#8221; phone_text_alignment=&#8221;default&#8221; overlay_strength=&#8221;0.3&#8243; column_border_width=&#8221;none&#8221; column_border_style=&#8221;solid&#8221; bg_image_animation=&#8221;none&#8221;][divider line_type=&#8221;No Line&#8221; custom_height=&#8221;20&#8243;][vc_column_text el_class=&#8221;note&#8221;]Polityka plik\u00f3w cookie[\/vc_column_text][\/vc_column][\/vc_row][vc_row type=&#8221;full_width_background&#8221; full_screen_row_position=&#8221;middle&#8221; column_margin=&#8221;default&#8221; bg_color=&#8221;#e4f2e2&#8243; scene_position=&#8221;center&#8221; text_color=&#8221;dark&#8221; text_align=&#8221;left&#8221; class=&#8221;cc-terms&#8221; overlay_strength=&#8221;0.3&#8243; shape_divider_position=&#8221;bottom&#8221; bg_image_animation=&#8221;none&#8221; shape_type=&#8221;&#8221;][vc_column column_padding=&#8221;no-extra-padding&#8221; column_padding_position=&#8221;all&#8221; background_color_opacity=&#8221;1&#8243; background_hover_color_opacity=&#8221;1&#8243; column_link_target=&#8221;_self&#8221; column_shadow=&#8221;none&#8221; column_border_radius=&#8221;none&#8221; width=&#8221;1\/1&#8243; tablet_width_inherit=&#8221;default&#8221; tablet_text_alignment=&#8221;default&#8221; phone_text_alignment=&#8221;default&#8221; overlay_strength=&#8221;0.3&#8243; column_border_width=&#8221;none&#8221; column_border_style=&#8221;solid&#8221; bg_image_animation=&#8221;none&#8221;][divider line_type=&#8221;No Line&#8221; custom_height=&#8221;100&#8243;][vc_column_text]\n<h4>Jak wykorzystujemy pliki cookie<\/h4>\n<p>Capricare<sup>\u00ae<\/sup> stosuje przejrzyst\u0105 polityk\u0119 wykorzystywania plik\u00f3w cookie i jego skutk\u00f3w dla u\u017cytkownika.<\/p>\n<p>Plik cookie to niewielkich rozmiar\u00f3w plik, kt\u00f3ry zwraca si\u0119 o zgod\u0119 na umieszczenie go na dysku twardym Twojego komputera lub urz\u0105dzeniu mobilnym. Po wyra\u017ceniu zgody plik zostaje zapisany i pomaga analizowa\u0107 ruch sieciowy lub informuje Ci\u0119 o odwiedzeniu okre\u015blonej witryny internetowej. Pliki cookie umo\u017cliwiaj\u0105 personalizacj\u0119 interakcji z aplikacjami internetowymi. Aplikacja internetowa mo\u017ce dostosowa\u0107 swoje dzia\u0142anie do Twoich potrzeb, sympatii i antypatii poprzez zbieranie i zapisywanie informacji o Twoich preferencjach.<\/p>\n<p>Wykorzystujemy pliki cookie rejestruj\u0105ce ruch w celu ustalenia, z kt\u00f3rych stron korzystaj\u0105 u\u017cytkownicy. Pomaga nam to analizowa\u0107 dane o ruchu sieciowym i ulepsza\u0107 nasz\u0105 witryn\u0119 internetow\u0105, aby dostosowa\u0107 j\u0105 do potrzeb klient\u00f3w. Wykorzystujemy te informacje wy\u0142\u0105cznie na potrzeby analizy statystycznej. P\u00f3\u017aniej usuwamy je z systemu.<\/p>\n<p>Og\u00f3lnie rzecz bior\u0105c, pliki cookie pomagaj\u0105 nam lepiej prowadzi\u0107 witryn\u0119 internetow\u0105 i pozwalaj\u0105 monitorowa\u0107, kt\u00f3re strony s\u0105 dla Ciebie przydatne, a kt\u00f3re nie. Plik cookie w \u017cadnym wypadku nie umo\u017cliwia nam dost\u0119pu do Twojego komputera lub jakichkolwiek informacji na Tw\u00f3j temat poza tymi, kt\u00f3re nam udost\u0119pnisz.<\/p>\n<p>Mo\u017cesz zaakceptowa\u0107 lub odrzuci\u0107 pliki cookie. Wi\u0119kszo\u015b\u0107 przegl\u0105darek internetowych automatycznie akceptuje pliki cookie, ale je\u015bli wolisz, ustawienia przegl\u0105darki zazwyczaj mo\u017cna zmieni\u0107 tak, aby odrzuca\u0142a pliki cookie. Mo\u017ce to jednak uniemo\u017cliwi\u0107 Ci korzystanie ze wszystkich funkcjonalno\u015bci witryny internetowej.[\/vc_column_text][divider line_type=&#8221;No Line&#8221; custom_height=&#8221;80&#8243;][\/vc_column][\/vc_row]\n","protected":false},"excerpt":{"rendered":"<p>[vc_row type=&#8221;full_width_content&#8221; full_screen_row_position=&#8221;middle&#8221; column_margin=&#8221;default&#8221; bg_color=&#8221;#e4f2e2&#8243; scene_position=&#8221;center&#8221; text_color=&#8221;dark&#8221; text_align=&#8221;left&#8221; id=&#8221;bread-note&#8221; overlay_strength=&#8221;0.3&#8243; shape_divider_position=&#8221;bottom&#8221; bg_image_animation=&#8221;none&#8221; shape_type=&#8221;&#8221;][vc_column column_padding=&#8221;no-extra-padding&#8221; column_padding_position=&#8221;all&#8221; background_color_opacity=&#8221;1&#8243; background_hover_color_opacity=&#8221;1&#8243; column_link_target=&#8221;_self&#8221; column_shadow=&#8221;none&#8221; column_border_radius=&#8221;none&#8221; width=&#8221;1\/1&#8243; tablet_width_inherit=&#8221;default&#8221; tablet_text_alignment=&#8221;default&#8221; phone_text_alignment=&#8221;default&#8221; overlay_strength=&#8221;0.3&#8243; column_border_width=&#8221;none&#8221; column_border_style=&#8221;solid&#8221; bg_image_animation=&#8221;none&#8221;][divider line_type=&#8221;No Line&#8221;&#8230;<\/p>\n","protected":false},"author":1,"featured_media":0,"parent":0,"menu_order":0,"comment_status":"closed","ping_status":"closed","template":"","meta":[],"yoast_head":"<!-- This site is optimized with the Yoast SEO plugin v21.1 - https:\/\/yoast.com\/wordpress\/plugins\/seo\/ -->\n<title>Polityka plik\u00f3w cookie - Capricare Poland HCP<\/title>\n<meta name=\"description\" content=\"Capricare chce zachowa\u0107 przejrzysto\u015b\u0107 w sposobie korzystania z plik\u00f3w cookie. Cookie pozwalaj\u0105 aplikacjom zapisywa\u0107 pliki na Twoim urz\u0105dzeniu.\" \/>\n<meta name=\"robots\" content=\"index, follow, max-snippet:-1, max-image-preview:large, max-video-preview:-1\" \/>\n<link rel=\"canonical\" href=\"https:\/\/www.capricare.pl\/hcp\/polityka-plikow-cookie\/\" \/>\n<meta property=\"og:locale\" content=\"en_US\" \/>\n<meta property=\"og:type\" content=\"article\" \/>\n<meta property=\"og:title\" content=\"Polityka plik\u00f3w cookie - Capricare Poland HCP\" \/>\n<meta property=\"og:description\" content=\"Capricare chce zachowa\u0107 przejrzysto\u015b\u0107 w sposobie korzystania z plik\u00f3w cookie. Cookie pozwalaj\u0105 aplikacjom zapisywa\u0107 pliki na Twoim urz\u0105dzeniu.\" \/>\n<meta property=\"og:url\" content=\"https:\/\/www.capricare.pl\/hcp\/polityka-plikow-cookie\/\" \/>\n<meta property=\"og:site_name\" content=\"Capricare Poland HCP\" \/>\n<meta property=\"article:modified_time\" content=\"2020-06-18T20:01:17+00:00\" \/>\n<meta name=\"twitter:card\" content=\"summary_large_image\" \/>\n<meta name=\"twitter:label1\" content=\"Est. reading time\" \/>\n\t<meta name=\"twitter:data1\" content=\"2 minutes\" \/>\n<script type=\"application\/ld+json\" class=\"yoast-schema-graph\">{\"@context\":\"https:\/\/schema.org\",\"@graph\":[{\"@type\":\"WebPage\",\"@id\":\"https:\/\/www.capricare.pl\/hcp\/polityka-plikow-cookie\/\",\"url\":\"https:\/\/www.capricare.pl\/hcp\/polityka-plikow-cookie\/\",\"name\":\"Polityka plik\u00f3w cookie - Capricare Poland HCP\",\"isPartOf\":{\"@id\":\"https:\/\/www.capricare.pl\/hcp\/#website\"},\"datePublished\":\"2019-12-20T21:27:58+00:00\",\"dateModified\":\"2020-06-18T20:01:17+00:00\",\"description\":\"Capricare chce zachowa\u0107 przejrzysto\u015b\u0107 w sposobie korzystania z plik\u00f3w cookie. Cookie pozwalaj\u0105 aplikacjom zapisywa\u0107 pliki na Twoim urz\u0105dzeniu.\",\"breadcrumb\":{\"@id\":\"https:\/\/www.capricare.pl\/hcp\/polityka-plikow-cookie\/#breadcrumb\"},\"inLanguage\":\"en-NZ\",\"potentialAction\":[{\"@type\":\"ReadAction\",\"target\":[\"https:\/\/www.capricare.pl\/hcp\/polityka-plikow-cookie\/\"]}]},{\"@type\":\"BreadcrumbList\",\"@id\":\"https:\/\/www.capricare.pl\/hcp\/polityka-plikow-cookie\/#breadcrumb\",\"itemListElement\":[{\"@type\":\"ListItem\",\"position\":1,\"name\":\"Home\",\"item\":\"https:\/\/www.capricare.pl\/hcp\/\"},{\"@type\":\"ListItem\",\"position\":2,\"name\":\"Polityka plik\u00f3w cookie\"}]},{\"@type\":\"WebSite\",\"@id\":\"https:\/\/www.capricare.pl\/hcp\/#website\",\"url\":\"https:\/\/www.capricare.pl\/hcp\/\",\"name\":\"Capricare Poland HCP\",\"description\":\"\",\"potentialAction\":[{\"@type\":\"SearchAction\",\"target\":{\"@type\":\"EntryPoint\",\"urlTemplate\":\"https:\/\/www.capricare.pl\/hcp\/?s={search_term_string}\"},\"query-input\":\"required name=search_term_string\"}],\"inLanguage\":\"en-NZ\"}]}<\/script>\n<!-- \/ Yoast SEO plugin. -->","yoast_head_json":{"title":"Polityka plik\u00f3w cookie - Capricare Poland HCP","description":"Capricare chce zachowa\u0107 przejrzysto\u015b\u0107 w sposobie korzystania z plik\u00f3w cookie. Cookie pozwalaj\u0105 aplikacjom zapisywa\u0107 pliki na Twoim urz\u0105dzeniu.","robots":{"index":"index","follow":"follow","max-snippet":"max-snippet:-1","max-image-preview":"max-image-preview:large","max-video-preview":"max-video-preview:-1"},"canonical":"https:\/\/www.capricare.pl\/hcp\/polityka-plikow-cookie\/","og_locale":"en_US","og_type":"article","og_title":"Polityka plik\u00f3w cookie - Capricare Poland HCP","og_description":"Capricare chce zachowa\u0107 przejrzysto\u015b\u0107 w sposobie korzystania z plik\u00f3w cookie. Cookie pozwalaj\u0105 aplikacjom zapisywa\u0107 pliki na Twoim urz\u0105dzeniu.","og_url":"https:\/\/www.capricare.pl\/hcp\/polityka-plikow-cookie\/","og_site_name":"Capricare Poland HCP","article_modified_time":"2020-06-18T20:01:17+00:00","twitter_card":"summary_large_image","twitter_misc":{"Est. reading time":"2 minutes"},"schema":{"@context":"https:\/\/schema.org","@graph":[{"@type":"WebPage","@id":"https:\/\/www.capricare.pl\/hcp\/polityka-plikow-cookie\/","url":"https:\/\/www.capricare.pl\/hcp\/polityka-plikow-cookie\/","name":"Polityka plik\u00f3w cookie - Capricare Poland HCP","isPartOf":{"@id":"https:\/\/www.capricare.pl\/hcp\/#website"},"datePublished":"2019-12-20T21:27:58+00:00","dateModified":"2020-06-18T20:01:17+00:00","description":"Capricare chce zachowa\u0107 przejrzysto\u015b\u0107 w sposobie korzystania z plik\u00f3w cookie. Cookie pozwalaj\u0105 aplikacjom zapisywa\u0107 pliki na Twoim urz\u0105dzeniu.","breadcrumb":{"@id":"https:\/\/www.capricare.pl\/hcp\/polityka-plikow-cookie\/#breadcrumb"},"inLanguage":"en-NZ","potentialAction":[{"@type":"ReadAction","target":["https:\/\/www.capricare.pl\/hcp\/polityka-plikow-cookie\/"]}]},{"@type":"BreadcrumbList","@id":"https:\/\/www.capricare.pl\/hcp\/polityka-plikow-cookie\/#breadcrumb","itemListElement":[{"@type":"ListItem","position":1,"name":"Home","item":"https:\/\/www.capricare.pl\/hcp\/"},{"@type":"ListItem","position":2,"name":"Polityka plik\u00f3w cookie"}]},{"@type":"WebSite","@id":"https:\/\/www.capricare.pl\/hcp\/#website","url":"https:\/\/www.capricare.pl\/hcp\/","name":"Capricare Poland HCP","description":"","potentialAction":[{"@type":"SearchAction","target":{"@type":"EntryPoint","urlTemplate":"https:\/\/www.capricare.pl\/hcp\/?s={search_term_string}"},"query-input":"required name=search_term_string"}],"inLanguage":"en-NZ"}]}},"_links":{"self":[{"href":"https:\/\/www.capricare.pl\/hcp\/wp-json\/wp\/v2\/pages\/31"}],"collection":[{"href":"https:\/\/www.capricare.pl\/hcp\/wp-json\/wp\/v2\/pages"}],"about":[{"href":"https:\/\/www.capricare.pl\/hcp\/wp-json\/wp\/v2\/types\/page"}],"author":[{"embeddable":true,"href":"https:\/\/www.capricare.pl\/hcp\/wp-json\/wp\/v2\/users\/1"}],"replies":[{"embeddable":true,"href":"https:\/\/www.capricare.pl\/hcp\/wp-json\/wp\/v2\/comments?post=31"}],"version-history":[{"count":9,"href":"https:\/\/www.capricare.pl\/hcp\/wp-json\/wp\/v2\/pages\/31\/revisions"}],"predecessor-version":[{"id":813,"href":"https:\/\/www.capricare.pl\/hcp\/wp-json\/wp\/v2\/pages\/31\/revisions\/813"}],"wp:attachment":[{"href":"https:\/\/www.capricare.pl\/hcp\/wp-json\/wp\/v2\/media?parent=31"}],"curies":[{"name":"wp","href":"https:\/\/api.w.org\/{rel}","templated":true}]}}